8 = 5*k + 3*y. Suppose -40*f + 10*f + 870 = 0. Calculate the greatest common factor of f and k.
29
Suppose 2*v = -5*c - 20 + 1074, c + 4*v = 218. What is the greatest common factor of c and 45?
15
Let k = -102 - -120. Let u(a) = 3*a - 26. Let x be u(k). Calculate the highest common factor of x and 35.
7
Suppose 32*m - 11224 = 1736. What is the greatest common factor of 25 and m?
5
Let p be 3 + (-8 + 2)/(2/(-13)). Calculate the highest common divisor of 861 and p.
21
Let g(i) = 49*i - 8. Let q be (24/9)/(10/15). Let n be g(q). Suppose -4*t + 0*t + n = -4*r, -r + 163 = 4*t. Calculate the greatest common divisor of t and 6.
6
Let s = -14 + 25. Let y(t) = -t - 1. Let j be y(-3). Suppose -5*u + 201 = 4*g, -j*g + 4*u + 14 = -54. What is the greatest common divisor of s and g?
11
Let p(u) = 2*u**2 + 5*u - 7. Let v be p(-6). Suppose 5*q + 10 = -0*q, -3*n + 19 = q. What is the highest common divisor of v and n?
7
Suppose 0 = -9*m + 77 + 31. Suppose -m*r = -8*r - 16. Let z(n) = -n**2 + 5*n + 2. Let l be z(4). What is the highest common factor of r and l?
2
Let w be -5*((-6)/(-10) + (-24)/15). Suppose 539 = w*n + 2*n. Calculate the greatest common divisor of n and 11.
11
Let k(o) = 2*o**2 + 7*o + 6. Let y be k(-4). Let f = -101 + 239. Let l = f - 134. What is the greatest common factor of y and l?
2
Let x(s) = 36*s. Let g be x(1). Suppose -38*w = -g*w - 22. What is the highest common divisor of w and 11?
11
Let r be ((-3)/2)/(1/6). Let c be 3/((r/(-24))/1). Suppose 5*d = 6*d - 12. Calculate the greatest common divisor of d and c.
4
Let y(d) = 62*d + 123. Let a be y(4). What is the greatest common factor of a and 14?
7
Let x(b) = b + 26. Let g be x(6). Calculate the greatest common factor of g and 56.
8
Let j(x) = 7*x**2. Let o be j(1). Let i(f) = -4 + 3*f + 1 - 1 - 7. Let k be i(13). What is the highest common divisor of o and k?
7
Suppose -5*r = -37 - 18. Suppose -3*d = -4*d + r. What is the highest common divisor of 11 and d?
11
Let d(k) = 5*k**2 - 2*k - 3. Suppose -4*f + 8*f = -8. Let s be d(f). What is the highest common divisor of 3 and s?
3
Let q = 25 - 18. Let f(v) = 12*v - 41. Let p be f(4). Calculate the greatest common divisor of p and q.
7
Let d = 710 - 670. Calculate the highest common factor of 360 and d.
40
Let z be 3/(-4) + (-136)/32. Let o = 6 + z. Let w = o + 0. What is the highest common factor of w and 1?
1
Let m = -8 + 7. Let d be (24/16 - m/(-2))*1. What is the highest common divisor of 4 and d?
1
Let z be 1 + -3 + -2*6. Let c = -3 - z. What is the greatest common divisor of 99 and c?
11
Let c(w) = w**3 + 5 + 1 - 3 + 3*w + 5*w**2. Let n be c(-2). Suppose 6*x - 27 = 3*x. What is the highest common factor of x and n?
9
Suppose -1187 = -25*h + 2413. Let u(d) = d**2 - d + 3. Let j be u(3). What is the greatest common factor of h and j?
9
Let f = 3 - 2. Let x be -1 + f + (-130)/(-2). Let t be 76/3 + (-10)/(-15). What is the highest common divisor of t and x?
13
Suppose 40 = h - 4*l, 3*h - 3*l = -4*l + 81. What is the highest common divisor of h and 28?
28
Suppose -7 - 11 = -3*j. Let f be 60*(-6)/j*-1. Calculate the highest common factor of 40 and f.
20
Suppose 20*d + 3552 = 168*d. Let m(f) = f - 34. Let j be m(0). Let t be j/(-3) + 2/3. What is the greatest common factor of d and t?
12
Let y(g) = 81*g**2 - 1. Let q be 2*((-25)/10 - -2). Let i be y(q). What is the highest common divisor of 10 and i?
10
Let h(p) = -2 - 55*p - 59*p + 88*p. Let a be h(-1). What is the greatest common factor of 12 and a?
12
Suppose 0*u + 3*u - 141 = 0. Suppose 2*c + 3*k = 82, 4*c + k = -c + 205. Suppose -c = -v + u. What is the greatest common divisor of v and 8?
8
Let z = 30 - 6. Let w be (4 + 92/(-20))*-5. Let g be (w - -18)*2/7. What is the highest common factor of g and z?
6
Let g = 43 + 212. Calculate the greatest common factor of g and 30.
15
Suppose 5*u - u = 48. Suppose q + 0*q = u. Suppose 0 = 4*t - t - k - 289, -3*t + 285 = 3*k. Calculate the highest common divisor of q and t.
12
Suppose 0*b = -5*b + 220. Suppose 2*y + 5*t = -y + 25, 0 = -t + 2. Let x be (-1)/y + ((-2)/(-10) - -4). Calculate the greatest common factor of x and b.
4
Let d be (-12)/(-72)*12*(-2 - -31). What is the greatest common divisor of 4 and d?
2
Suppose 7 = -g - 2*v, -2*g + 3*v + 17 = 3*g. Suppose -28 = -3*b - g. Let i be (27/(-15))/(4/(-100)). Calculate the greatest common divisor of i and b.
9
Suppose -9 + 1 = -4*b. Suppose b*s + s = -5*q + 102, 4*s = -q + 34. Calculate the greatest common factor of 24 and q.
6
Let t = -733 - -1437. What is the greatest common divisor of 32 and t?
32
Let g(h) = h + 7. Suppose 5*d + 3*t = 31, t - 7 = -3*d + 10. Let k be g(d). Let b be 19 + -4 + 0 + 3. What is the greatest common divisor of b and k?
6
Let s = -956 - -996. What is the highest common factor of s and 248?
8
Let s be 3/(63/56*(-1)/(-6)). Suppose 4*o - 436 = 3*g, -4*g = -5*o + 392 + 152. What is the highest common factor of o and s?
16
Let c(b) = -3*b - 33. Let f be c(-13). Calculate the greatest common divisor of 2670 and f.
6
Suppose -5*a + 2*a + 24 = 0. Let k(x) = 11*x - 16. Let j be k(a). Calculate the highest common factor of 9 and j.
9
Let a be 20/6*7/(70/12). Let g be 1/(a + 3 + 2126/(-304)). Calculate the greatest common divisor of g and 19.
19
Suppose 10*j - 1 = -1. Suppose 5*k - 140 = -j*k. What is the greatest common factor of 84 and k?
28
Let c be (-4)/((0 - -1)*-1). Let b(r) = r - 2. Let i be b(c). Suppose h + o - 6*o + 1 = 0, -i*o + 40 = 4*h. Calculate the highest common factor of 6 and h.
3
Suppose d + 74 = 4*l, d - 51 = -3*l + 4*d. Calculate the highest common factor of 589 and l.
19
Let t = -686 + 798. What is the greatest common factor of t and 21?
7
Let o(v) = v**2 + 2*v - 9. Let i be o(-7). Let q = i + -17. Let c = 4 + 14. Calculate the highest common factor of c and q.
9
Suppose 0 = d + d - 96. Suppose 23 + 17 = -p. Let b = -28 - p. Calculate the greatest common factor of b and d.
12
Suppose -m + 43 = -9. Let f = -7 + m. Let o be f - (0/(-3))/(-3). Calculate the greatest common factor of o and 9.
9
Suppose 3*k - q - 166 = 0, -2*q - 275 = -5*k - 0*q. Let z = k - 37. Suppose 4*g - 60 = -a, 3*g = g + 10. Calculate the greatest common factor of z and a.
20
Suppose 11 = -3*v + 4*v + 3*t, -v = 4*t - 8. Let d be -16 + 20 - (0 + -176). What is the highest common factor of v and d?
20
Suppose -468 - 612 = -12*y. What is the greatest common factor of 225 and y?
45
Let b = -2820 + 3599. What is the highest common divisor of b and 164?
41
Suppose -5*t - 54 = -3*u, 2*u - 23 = -8*t + 7*t. Let k be (-1)/(-3) - (-310)/6. Calculate the greatest common factor of k and u.
13
Suppose 39*b = -8*b + 2444. Suppose -x + 5 + 8 = 0. Calculate the highest common factor of x and b.
13
Let n = -90 - -149. Suppose -126 = -n*x + 56*x. Calculate the greatest common factor of 14 and x.
14
Suppose 11 = 4*t + 3. Suppose -t*a = 5*b - 46, -5*a - 3*b = 2*b - 145. Calculate the highest common factor of a and 3.
3
Suppose o - c - 47 = 0, 3*o + 3*c = 2*c + 161. What is the highest common divisor of 6 and o?
2
Suppose -3*g + 0 = -15. Calculate the greatest common factor of 145 and g.
5
Suppose 47*q = 11*q + 2376. Let v(x) = x**2 - x + 2. Let h(l) = -l**2 + 5*l + 3. Let a be h(4). Let o be v(a). Calculate the greatest common factor of q and o.
22
Let y(b) = -b**2 - 2*b + 5. Let w be y(-3). Let u(d) = 4*d**2 - 11*d - 5*d**w + 2*d**2 - 6. Let i be u(12). Calculate the greatest common divisor of i and 15.
3
Let t(k) = k + 4. Let b(h) = 5. Let p(i) = -3*b(i) + 2*t(i). Let j = 9 - 1. Let g be p(j). Calculate the greatest common factor of 3 and g.
3
Suppose 0*o + 3*o - 129 = 0. Let k = -9923 + 10095. Calculate the highest common divisor of k and o.
43
Suppose 4*w + 379 = 491. Let u = 4 - 4. Suppose u = 6*h - h - 35. What is the highest common divisor of w and h?
7
Let d be -3*1*(6 - 203/21). Let j(s) = s**2 - 6*s + 2. Let z be j(6). Suppose -y - z = -3. Calculate the highest common divisor of d and y.
1
Suppose -s + 36 = -5*s. Let y = 13 + s. Suppose 147 - 507 = -y*n. Calculate the greatest common divisor of 18 and n.
18
Suppose -f = -4 + 2. Suppose f*j - 11 + 35 = 0. Let q be ((-20)/j)/5*66. What is the highest common divisor of 154 and q?
22
Let y(j) = 112*j + 574. Let p be y(-5). What is the highest comm